{"id":3187,"date":"2021-05-12T12:33:11","date_gmt":"2021-05-12T10:33:11","guid":{"rendered":"https:\/\/ukrainistika.ffzg.unizg.hr\/?page_id=3187"},"modified":"2021-05-18T10:19:26","modified_gmt":"2021-05-18T08:19:26","slug":"izrazi-sucuti-prof-pascenko","status":"publish","type":"page","link":"https:\/\/ukrainistika.ffzg.unizg.hr\/?page_id=3187","title":{"rendered":"Izrazi su\u0107uti &#8211; prof. Pa\u0161\u010denko"},"content":{"rendered":"<p>&nbsp;<\/p>\n\n\t\t<style type=\"text\/css\">\n\t\t\t#gallery-1 {\n\t\t\t\tmargin: auto;\n\t\t\t}\n\t\t\t#gallery-1 .gallery-item {\n\t\t\t\tfloat: left;\n\t\t\t\tmargin-top: 10px;\n\t\t\t\ttext-align: center;\n\t\t\t\twidth: 50%;\n\t\t\t}\n\t\t\t#gallery-1 img {\n\t\t\t\tborder: 2px solid #cfcfcf;\n\t\t\t}\n\t\t\t#gallery-1 .gallery-caption {\n\t\t\t\tmargin-left: 0;\n\t\t\t}\n\t\t\t\/* see gallery_shortcode() in wp-includes\/media.php *\/\n\t\t<\/style>\n\t\t<div id='gallery-1' class='gallery galleryid-3187 gallery-columns-2 gallery-size-large'><dl class='gallery-item'>\n\t\t\t<dt class='gallery-icon portrait'>\n\t\t\t\t<a href='https:\/\/ukrainistika.ffzg.unizg.hr\/?attachment_id=3194'><img loading=\"lazy\" decoding=\"async\" width=\"625\" height=\"832\" src=\"https:\/\/ukrainistika.ffzg.unizg.hr\/wp-content\/uploads\/2021\/05\/\u041b\u0438\u0441\u0442-\u0441\u043f\u0456\u0432\u0447\u0443\u0442\u0442\u044f-Lavov-jpeg-769x1024.jpg\" class=\"attachment-large size-large\" alt=\"\" srcset=\"https:\/\/ukrainistika.ffzg.unizg.hr\/wp-content\/uploads\/2021\/05\/\u041b\u0438\u0441\u0442-\u0441\u043f\u0456\u0432\u0447\u0443\u0442\u0442\u044f-Lavov-jpeg-769x1024.jpg 769w, https:\/\/ukrainistika.ffzg.unizg.hr\/wp-content\/uploads\/2021\/05\/\u041b\u0438\u0441\u0442-\u0441\u043f\u0456\u0432\u0447\u0443\u0442\u0442\u044f-Lavov-jpeg-225x300.jpg 225w, https:\/\/ukrainistika.ffzg.unizg.hr\/wp-content\/uploads\/2021\/05\/\u041b\u0438\u0441\u0442-\u0441\u043f\u0456\u0432\u0447\u0443\u0442\u0442\u044f-Lavov-jpeg-768x1023.jpg 768w, https:\/\/ukrainistika.ffzg.unizg.hr\/wp-content\/uploads\/2021\/05\/\u041b\u0438\u0441\u0442-\u0441\u043f\u0456\u0432\u0447\u0443\u0442\u0442\u044f-Lavov-jpeg-624x831.jpg 624w, https:\/\/ukrainistika.ffzg.unizg.hr\/wp-content\/uploads\/2021\/05\/\u041b\u0438\u0441\u0442-\u0441\u043f\u0456\u0432\u0447\u0443\u0442\u0442\u044f-Lavov-jpeg.jpg 1201w\" sizes=\"(max-width: 625px) 100vw, 625px\" \/><\/a>\n\t\t\t<\/dt><\/dl><dl class='gallery-item'>\n\t\t\t<dt class='gallery-icon portrait'>\n\t\t\t\t<a href='https:\/\/ukrainistika.ffzg.unizg.hr\/?attachment_id=3196'><img loading=\"lazy\" decoding=\"async\" width=\"625\" height=\"884\" src=\"https:\/\/ukrainistika.ffzg.unizg.hr\/wp-content\/uploads\/2021\/05\/\u041b\u0438\u0441\u0442-\u0441\u043f\u0456\u0432\u0447\u0443\u0442\u0442\u044f-Veleposlanstvo-724x1024.jpg\" class=\"attachment-large size-large\" alt=\"\" srcset=\"https:\/\/ukrainistika.ffzg.unizg.hr\/wp-content\/uploads\/2021\/05\/\u041b\u0438\u0441\u0442-\u0441\u043f\u0456\u0432\u0447\u0443\u0442\u0442\u044f-Veleposlanstvo-724x1024.jpg 724w, https:\/\/ukrainistika.ffzg.unizg.hr\/wp-content\/uploads\/2021\/05\/\u041b\u0438\u0441\u0442-\u0441\u043f\u0456\u0432\u0447\u0443\u0442\u0442\u044f-Veleposlanstvo-212x300.jpg 212w, https:\/\/ukrainistika.ffzg.unizg.hr\/wp-content\/uploads\/2021\/05\/\u041b\u0438\u0441\u0442-\u0441\u043f\u0456\u0432\u0447\u0443\u0442\u0442\u044f-Veleposlanstvo-768x1086.jpg 768w, https:\/\/ukrainistika.ffzg.unizg.hr\/wp-content\/uploads\/2021\/05\/\u041b\u0438\u0441\u0442-\u0441\u043f\u0456\u0432\u0447\u0443\u0442\u0442\u044f-Veleposlanstvo-624x883.jpg 624w\" sizes=\"(max-width: 625px) 100vw, 625px\" \/><\/a>\n\t\t\t<\/dt><\/dl><br style=\"clear: both\" \/><dl class='gallery-item'>\n\t\t\t<dt class='gallery-icon portrait'>\n\t\t\t\t<a href='https:\/\/ukrainistika.ffzg.unizg.hr\/?attachment_id=3209'><img loading=\"lazy\" decoding=\"async\" width=\"625\" height=\"814\" src=\"https:\/\/ukrainistika.ffzg.unizg.hr\/wp-content\/uploads\/2021\/05\/In-Memoriam_Pashchenko-1-786x1024.jpg\" class=\"attachment-large size-large\" alt=\"\" srcset=\"https:\/\/ukrainistika.ffzg.unizg.hr\/wp-content\/uploads\/2021\/05\/In-Memoriam_Pashchenko-1-786x1024.jpg 786w, https:\/\/ukrainistika.ffzg.unizg.hr\/wp-content\/uploads\/2021\/05\/In-Memoriam_Pashchenko-1-230x300.jpg 230w, https:\/\/ukrainistika.ffzg.unizg.hr\/wp-content\/uploads\/2021\/05\/In-Memoriam_Pashchenko-1-768x1000.jpg 768w, https:\/\/ukrainistika.ffzg.unizg.hr\/wp-content\/uploads\/2021\/05\/In-Memoriam_Pashchenko-1-624x813.jpg 624w, https:\/\/ukrainistika.ffzg.unizg.hr\/wp-content\/uploads\/2021\/05\/In-Memoriam_Pashchenko-1.jpg 1239w\" sizes=\"(max-width: 625px) 100vw, 625px\" \/><\/a>\n\t\t\t<\/dt><\/dl><dl class='gallery-item'>\n\t\t\t<dt class='gallery-icon portrait'>\n\t\t\t\t<a href='https:\/\/ukrainistika.ffzg.unizg.hr\/?attachment_id=3210'><img loading=\"lazy\" decoding=\"async\" width=\"625\" height=\"814\" src=\"https:\/\/ukrainistika.ffzg.unizg.hr\/wp-content\/uploads\/2021\/05\/In-Memoriam_Pashchenko-2-786x1024.jpg\" class=\"attachment-large size-large\" alt=\"\" srcset=\"https:\/\/ukrainistika.ffzg.unizg.hr\/wp-content\/uploads\/2021\/05\/In-Memoriam_Pashchenko-2-786x1024.jpg 786w, https:\/\/ukrainistika.ffzg.unizg.hr\/wp-content\/uploads\/2021\/05\/In-Memoriam_Pashchenko-2-230x300.jpg 230w, https:\/\/ukrainistika.ffzg.unizg.hr\/wp-content\/uploads\/2021\/05\/In-Memoriam_Pashchenko-2-768x1000.jpg 768w, https:\/\/ukrainistika.ffzg.unizg.hr\/wp-content\/uploads\/2021\/05\/In-Memoriam_Pashchenko-2-624x813.jpg 624w, https:\/\/ukrainistika.ffzg.unizg.hr\/wp-content\/uploads\/2021\/05\/In-Memoriam_Pashchenko-2.jpg 1239w\" sizes=\"(max-width: 625px) 100vw, 625px\" \/><\/a>\n\t\t\t<\/dt><\/dl><br style=\"clear: both\" \/><dl class='gallery-item'>\n\t\t\t<dt class='gallery-icon portrait'>\n\t\t\t\t<a href='https:\/\/ukrainistika.ffzg.unizg.hr\/?attachment_id=3211'><img loading=\"lazy\" decoding=\"async\" width=\"625\" height=\"872\" src=\"https:\/\/ukrainistika.ffzg.unizg.hr\/wp-content\/uploads\/2021\/05\/Vasyl-Stefanyk-Precarpathian-N-U-734x1024.jpg\" class=\"attachment-large size-large\" alt=\"\" srcset=\"https:\/\/ukrainistika.ffzg.unizg.hr\/wp-content\/uploads\/2021\/05\/Vasyl-Stefanyk-Precarpathian-N-U-734x1024.jpg 734w, https:\/\/ukrainistika.ffzg.unizg.hr\/wp-content\/uploads\/2021\/05\/Vasyl-Stefanyk-Precarpathian-N-U-215x300.jpg 215w, https:\/\/ukrainistika.ffzg.unizg.hr\/wp-content\/uploads\/2021\/05\/Vasyl-Stefanyk-Precarpathian-N-U-768x1071.jpg 768w, https:\/\/ukrainistika.ffzg.unizg.hr\/wp-content\/uploads\/2021\/05\/Vasyl-Stefanyk-Precarpathian-N-U-624x870.jpg 624w, https:\/\/ukrainistika.ffzg.unizg.hr\/wp-content\/uploads\/2021\/05\/Vasyl-Stefanyk-Precarpathian-N-U.jpg 1276w\" sizes=\"(max-width: 625px) 100vw, 625px\" \/><\/a>\n\t\t\t<\/dt><\/dl>\n\t\t\t<br style='clear: both' \/>\n\t\t<\/div>\n\n","protected":false},"excerpt":{"rendered":"<p>&nbsp;<\/p>\n","protected":false},"author":3,"featured_media":0,"parent":0,"menu_order":0,"comment_status":"closed","ping_status":"closed","template":"","meta":{"footnotes":""},"class_list":["post-3187","page","type-page","status-publish","hentry"],"_links":{"self":[{"href":"https:\/\/ukrainistika.ffzg.unizg.hr\/index.php?rest_route=\/wp\/v2\/pages\/3187"}],"collection":[{"href":"https:\/\/ukrainistika.ffzg.unizg.hr\/index.php?rest_route=\/wp\/v2\/pages"}],"about":[{"href":"https:\/\/ukrainistika.ffzg.unizg.hr\/index.php?rest_route=\/wp\/v2\/types\/page"}],"author":[{"embeddable":true,"href":"https:\/\/ukrainistika.ffzg.unizg.hr\/index.php?rest_route=\/wp\/v2\/users\/3"}],"replies":[{"embeddable":true,"href":"https:\/\/ukrainistika.ffzg.unizg.hr\/index.php?rest_route=%2Fwp%2Fv2%2Fcomments&post=3187"}],"version-history":[{"count":9,"href":"https:\/\/ukrainistika.ffzg.unizg.hr\/index.php?rest_route=\/wp\/v2\/pages\/3187\/revisions"}],"predecessor-version":[{"id":3214,"href":"https:\/\/ukrainistika.ffzg.unizg.hr\/index.php?rest_route=\/wp\/v2\/pages\/3187\/revisions\/3214"}],"wp:attachment":[{"href":"https:\/\/ukrainistika.ffzg.unizg.hr\/index.php?rest_route=%2Fwp%2Fv2%2Fmedia&parent=3187"}],"curies":[{"name":"wp","href":"https:\/\/api.w.org\/{rel}","templated":true}]}}