{"id":5258,"date":"2026-02-03T12:58:21","date_gmt":"2026-02-03T10:58:21","guid":{"rendered":"https:\/\/ukrainistika.ffzg.unizg.hr\/?page_id=5258"},"modified":"2026-02-03T13:01:54","modified_gmt":"2026-02-03T11:01:54","slug":"pavao-jergovic-asistent","status":"publish","type":"page","link":"https:\/\/ukrainistika.ffzg.unizg.hr\/?page_id=5258","title":{"rendered":"Pavao Jergovi\u0107, asistent"},"content":{"rendered":"\n<figure class=\"wp-block-image size-large is-resized\"><a href=\"https:\/\/ukrainistika.ffzg.unizg.hr\/wp-content\/uploads\/2026\/02\/20240507_140101.jpg\"><img loading=\"lazy\" decoding=\"async\" width=\"926\" height=\"1024\" src=\"https:\/\/ukrainistika.ffzg.unizg.hr\/wp-content\/uploads\/2026\/02\/20240507_140101-926x1024.jpg\" alt=\"\" class=\"wp-image-5259\" style=\"width:161px;height:auto\" srcset=\"https:\/\/ukrainistika.ffzg.unizg.hr\/wp-content\/uploads\/2026\/02\/20240507_140101-926x1024.jpg 926w, https:\/\/ukrainistika.ffzg.unizg.hr\/wp-content\/uploads\/2026\/02\/20240507_140101-271x300.jpg 271w, https:\/\/ukrainistika.ffzg.unizg.hr\/wp-content\/uploads\/2026\/02\/20240507_140101-768x850.jpg 768w, https:\/\/ukrainistika.ffzg.unizg.hr\/wp-content\/uploads\/2026\/02\/20240507_140101-624x690.jpg 624w, https:\/\/ukrainistika.ffzg.unizg.hr\/wp-content\/uploads\/2026\/02\/20240507_140101.jpg 978w\" sizes=\"(max-width: 926px) 100vw, 926px\" \/><\/a><\/figure>\n\n\n\n<p>e-mail adresa: <a href=\"pjergovi@ffzg.unizg.hr\">pjergovi@ffzg.unizg.hr<\/a><\/p>\n\n\n\n<p>konzultacije: po dogovoru<\/p>\n\n\n\n<p>soba: B-202<\/p>\n\n\n\n<p><\/p>\n\n\n\n<p>Ro\u0111en 1996. godine u Na\u0161icama. Osnovnu i srednju \u0161kolu zavr\u0161io u Valpovu. Diplomirao 2022. godine sociologiju i ukrajinski jezik i knji\u017eevnost na Filozofskom fakultetu Sveu\u010dili\u0161ta u Zagrebu. Od 2022. godine radi kao vanjski suradnik, a od 2023. kao asistent na Katedri za ukrajinski jezik i knji\u017eevnost. Iste 2023. godine upisao doktorski studij znanosti o knji\u017eevnosti, teatrologije i dramatologije, filmologije, muzikologije i studija kulture na Filozofskom fakultetu u Zagrebu. Primarni su mu istra\u017eiva\u010dki interesi ukrajinska knji\u017eevnost 20. stolje\u0107a s naglaskom na dramu prve polovice 20. stolje\u0107a. Izvan filolo\u0161kog podru\u010dja interesira se tako\u0111er za podru\u010dje sociologije i politologije.<\/p>\n\n\n\n<p>CroRIS:&nbsp;<a rel=\"noreferrer noopener\" target=\"_blank\" href=\"https:\/\/www.croris.hr\/osobe\/profil\/46591\">https:\/\/www.croris.hr\/osobe\/profil\/46591<\/a><\/p>\n","protected":false},"excerpt":{"rendered":"<p>e-mail adresa: pjergovi@ffzg.unizg.hr konzultacije: po dogovoru soba: B-202 Ro\u0111en 1996. godine u Na\u0161icama. Osnovnu i srednju \u0161kolu zavr\u0161io u Valpovu. Diplomirao 2022. godine sociologiju i ukrajinski jezik i knji\u017eevnost na Filozofskom fakultetu Sveu\u010dili\u0161ta u Zagrebu. Od 2022. godine radi kao vanjski suradnik, a od 2023. kao asistent na Katedri za ukrajinski jezik i knji\u017eevnost. Iste [&hellip;]<\/p>\n","protected":false},"author":3,"featured_media":0,"parent":0,"menu_order":0,"comment_status":"closed","ping_status":"closed","template":"","meta":{"footnotes":""},"class_list":["post-5258","page","type-page","status-publish","hentry"],"_links":{"self":[{"href":"https:\/\/ukrainistika.ffzg.unizg.hr\/index.php?rest_route=\/wp\/v2\/pages\/5258"}],"collection":[{"href":"https:\/\/ukrainistika.ffzg.unizg.hr\/index.php?rest_route=\/wp\/v2\/pages"}],"about":[{"href":"https:\/\/ukrainistika.ffzg.unizg.hr\/index.php?rest_route=\/wp\/v2\/types\/page"}],"author":[{"embeddable":true,"href":"https:\/\/ukrainistika.ffzg.unizg.hr\/index.php?rest_route=\/wp\/v2\/users\/3"}],"replies":[{"embeddable":true,"href":"https:\/\/ukrainistika.ffzg.unizg.hr\/index.php?rest_route=%2Fwp%2Fv2%2Fcomments&post=5258"}],"version-history":[{"count":2,"href":"https:\/\/ukrainistika.ffzg.unizg.hr\/index.php?rest_route=\/wp\/v2\/pages\/5258\/revisions"}],"predecessor-version":[{"id":5264,"href":"https:\/\/ukrainistika.ffzg.unizg.hr\/index.php?rest_route=\/wp\/v2\/pages\/5258\/revisions\/5264"}],"wp:attachment":[{"href":"https:\/\/ukrainistika.ffzg.unizg.hr\/index.php?rest_route=%2Fwp%2Fv2%2Fmedia&parent=5258"}],"curies":[{"name":"wp","href":"https:\/\/api.w.org\/{rel}","templated":true}]}}