{"id":915,"date":"2014-05-29T15:02:43","date_gmt":"2014-05-29T13:02:43","guid":{"rendered":"https:\/\/ukrainistika.ffzg.unizg.hr\/?page_id=915"},"modified":"2014-05-29T15:02:43","modified_gmt":"2014-05-29T13:02:43","slug":"uvjeti-za-upis","status":"publish","type":"page","link":"https:\/\/ukrainistika.ffzg.unizg.hr\/?page_id=915","title":{"rendered":"Uvjeti za upis"},"content":{"rendered":"<header>\n<h1>Uvjeti za upis<\/h1>\n<\/header>\n<div>\n<ul>\n<li>Zavr\u0161ena \u010detverogodi\u0161nja srednja \u0161kola, polo\u017eena dr\u017eavna matura i polo\u017een razredbeni ispit<\/li>\n<\/ul>\n<ul>\n<li>Podaci o uvjetima upisa te na\u010dinu bodovanja pojedinih postignu\u0107a za upis u studijske programe Filozofskoga fakulteta Sveu\u010dili\u0161ta u Zagrebu dostupni su na poveznici:\u00a0<a href=\"https:\/\/www.postani-student.hr\/Ucilista\/Default.aspx\" target=\"_blank\">https:\/\/www.postani-student.hr<\/a><\/li>\n<\/ul>\n<ul>\n<li>Sve potrebne i autorizirane informacije o razredbenom postupku na Filozofskom Fakultetu Sveu\u010dili\u0161ta u Zagrebu dostupne su na poveznici:\u00a0<a href=\"http:\/\/upisi.ffzg.unizg.hr\/\" target=\"_blank\">http:\/\/upisi.ffzg.unizg.hr\/<\/a><\/li>\n<\/ul>\n<\/div>\n","protected":false},"excerpt":{"rendered":"<p>Uvjeti za upis Zavr\u0161ena \u010detverogodi\u0161nja srednja \u0161kola, polo\u017eena dr\u017eavna matura i polo\u017een razredbeni ispit Podaci o uvjetima upisa te na\u010dinu bodovanja pojedinih postignu\u0107a za upis u studijske programe Filozofskoga fakulteta Sveu\u010dili\u0161ta u Zagrebu dostupni su na poveznici:\u00a0https:\/\/www.postani-student.hr Sve potrebne i autorizirane informacije o razredbenom postupku na Filozofskom Fakultetu Sveu\u010dili\u0161ta u Zagrebu dostupne su na poveznici:\u00a0http:\/\/upisi.ffzg.unizg.hr\/<\/p>\n","protected":false},"author":3,"featured_media":0,"parent":0,"menu_order":0,"comment_status":"closed","ping_status":"open","template":"sidebar-page.php","meta":{"footnotes":""},"class_list":["post-915","page","type-page","status-publish","hentry"],"_links":{"self":[{"href":"https:\/\/ukrainistika.ffzg.unizg.hr\/index.php?rest_route=\/wp\/v2\/pages\/915"}],"collection":[{"href":"https:\/\/ukrainistika.ffzg.unizg.hr\/index.php?rest_route=\/wp\/v2\/pages"}],"about":[{"href":"https:\/\/ukrainistika.ffzg.unizg.hr\/index.php?rest_route=\/wp\/v2\/types\/page"}],"author":[{"embeddable":true,"href":"https:\/\/ukrainistika.ffzg.unizg.hr\/index.php?rest_route=\/wp\/v2\/users\/3"}],"replies":[{"embeddable":true,"href":"https:\/\/ukrainistika.ffzg.unizg.hr\/index.php?rest_route=%2Fwp%2Fv2%2Fcomments&post=915"}],"version-history":[{"count":1,"href":"https:\/\/ukrainistika.ffzg.unizg.hr\/index.php?rest_route=\/wp\/v2\/pages\/915\/revisions"}],"predecessor-version":[{"id":916,"href":"https:\/\/ukrainistika.ffzg.unizg.hr\/index.php?rest_route=\/wp\/v2\/pages\/915\/revisions\/916"}],"wp:attachment":[{"href":"https:\/\/ukrainistika.ffzg.unizg.hr\/index.php?rest_route=%2Fwp%2Fv2%2Fmedia&parent=915"}],"curies":[{"name":"wp","href":"https:\/\/api.w.org\/{rel}","templated":true}]}}